-49
Calculate -8 + 2 - (10 - 12 - 3 - (-1 - 7)).
-9
0 + (11 - (-3 - 3)) + -5 - 11 - 109
-108
Evaluate (9 - (-7 - 1)) + (3 + -17 - -25).
28
What is -1 - 58 - (-169 + 167 - (7 + -4))?
-54
What is the value of 19 + -35 - (246 - 251)?
-11
Calculate (-65 - -35) + 27 - ((-4 - -10) + -15).
6
18 + (866 - 881) + (1 - 0) + -3
1
Calculate 79 - -84 - 66 - 151.
-54
Calculate -35 + (-11 - (11 + -44)) - (18 - 0).
-31
Calculate -30 + (-2 - -14 - -8 - 23) + 11.
-22
(-54 + 36 - (2 + -11)) + -3 + -11
-23
Evaluate (-27 - (-12 + -34)) + (-3 - -1) - -6.
23
What is 98 + (-14 - (127 - 54))?
11
Calculate -171 + (-260 - -136) + 248.
-47
What is -1 + (3 + (18 - 70) + (3 - -2) - 5)?
-50
4 - (-16 - (-26 + 7) - (-6 - -39))
34
Evaluate 30 + (-40 - 19) + 17 - -30.
18
3 + (31 - -11 - 17) + 4
32
What is -16 + (3 - 1) - (211 + -192)?
-33
Calculate 5 + -17 - (9 + (63 - 34)).
-50
What is 55 - (-46 + -44 + 107)?
38
-25 + (-2 - -1) + 1574 + -1570
-22
Calculate -48 + 1 - (-2 + 0 + 9 - 6) - 2.
-50
Evaluate 23 + 0 - (2 + -40 + 4 + 28).
29
What is (-1 - -65) + -2 + -1 + 0 + (-199 - -212)?
74
11 - ((-2 - 0) + (292 - 237))
-42
-34 + 87 + 1 + -54
0
What is 2 + -4 + 56 + -52 + 11 + 29?
42
What is -608 + 702 + (2 - (-2 + 6)) - 18?
74
Evaluate 11 + (-12 - 11) + 0 + 5 + -11.
-18
(2 + 8 - 0) + (61 - (-12 - -91))
-8
What is -1 + (102 - 11) + -60?
30
0 - 2 - -45 - (-41 + (102 - 76))
58
What is (-14 + 5 + -6 - 58) + 1 + -11?
-83
Evaluate 46 - (1 - 106) - 277.
-126
Calculate (19 + -77 - -28 - -72) + 7.
49
What is the value of (14 - 61) + 50 + 22?
25
Evaluate -53 + 35 + 35 - (51 - 1).
-33
What is the value of -89 + 21 - -76 - 48?
-40
What is 78 + 13 - ((-6 - 0 - 0) + (330 - 336))?
103
Evaluate 18 - 28 - 32 - -22.
-20
1 + -17 + -31 + (-18 - 6) + 104
33
What is the value of 21 + -11 - 0 - -1 - -15 - -10?
36
Evaluate (-1 + 12 - (17 - -6 - 25)) + -65.
-52
What is the value of 56 + -75 + 7 + 12?
0
What is the value of 1 - -42 - (2361 - 2284)?
-34
What is the value of -51 - (-66 + -26 + -5)?
46
Evaluate 103 - (-17 - 11 - (-26 + -20)).
85
What is the value of (178 - 159) + (49 - -2 - -1 - -1)?
72
(-64 - (49 + -79)) + 71
37
Evaluate -45 + 2 + 421 + -328.
50
What is 63 - (-22 - (-228 - -36))?
-107
-19 - -20 - (-9 - (6 + (-8 - 54)))
-46
What is the value of (-28 - 11) + 10 + 19 - 37?
-47
What is the value of (55 - -11) + (5 - (9 - (3 + 4 + -12)))?
57
What is the value of -46 + 2 - (-1142 - -1052)?
46
Calculate 16 + 13 + -28 + -2 + -1 - (-27 - -45).
-20
What is the value of -10 + -3 + -68 + 105?
24
-10 + 35 + 26 + -13 + -27
11
Evaluate 168 + (-394 - -159) - (0 - 45).
-22
-51 - (-53 - (-38 + -102))
-138
What is (94 - (94 - 62)) + 1 + (11 + 0 - -2)?
76
What is the value of 71 - 1 - (-1243 - -1294)?
19
Evaluate (2 - (-2 - (0 + (7 - -2 - 12)))) + -52.
-51
(-148 - -124) + (60 - -4)
40
Calculate (-6 - ((12 - 25) + (3 - (2 + 43)))) + -6.
43
Calculate -52 + 20 - (36 + -35).
-33
What is the value of -27 + 117 - 41 - -44?
93
Calculate -90 + 91 - (68 + (-2 - 3)) - (-9 - -18).
-71
Calculate -39 + -10 + 27 - 3 - (-8 + -2).
-15
What is 3 + (-8 + 5 - -9 - 1 - 15 - 53)?
-60
(0 - -20 - -43) + -26 - (-2 + 4 + -14)
49
What is 632 + -639 - (1 + -19 + 4)?
7
(9 - 0) + ((11 - 1) + (-8 - 22) - 6)
-17
What is the value of -8 + 19 - -32 - 42?
1
(13 - (6 - (6 - 4))) + (-40 - -18) + -82
-95
What is the value of 8 + (-5 - 1) + -36 + (-4 + 3 - -3)?
-32
Evaluate 85 - (37 - 1 - (1125 + -1106)).
68
What is the value of 23 + 4 + 7 + -50?
-16
What is the value of -46 - (12 + -50) - -41?
33
Evaluate -58 + (-4 - (3 - 19) - 7 - 9 - -9).
-53
Evaluate (67 - (23 + 0)) + (-2 - 0) - (-65 - -78).
29
Evaluate -30 - (-50 + 9 + 10).
1
What is the value of 37 + -27 + (-6 + 12 - 5 - -2) - 2?
11
What is the value of 28 + (-92 - -33 - -49)?
18
10 + (2 - 1) - (-48 - (45 + -68))
36
Calculate 1 - (0 + -2 + 22) - -139.
120
12 + -5 + 3 - (28 - 18 - 17)
17
What is (-52 + 75 - 6) + 13 + 1?
31
What is the value of -1726 - -1701 - (-1 + -3)?
-21
Evaluate (-4 + -2 + 11 + -5 - -4) + 7 - 4.
7
Calculate -5 + (-16 + 0 - (-11 - 6)) + 0 + 65.
61
-32 + -9 - -50 - (-10 + 0)
19
What is -946 - -949 - (-14 - -83)?
-66
872 - 884 - (-20 - -1) - 24
-17
What is the value of (18 - (1 + 21)) + -9 + 2 + 0?
-11
What is the value of -13 - (-192 - -195 - (13 - -3))?
0
Evaluate -35 + (102 - 144) - -3.
-74
Evaluate 8 + 8 + (21 - (-45 + 5)).
77
Evaluate (11 - -4 - -6) + -130 - ((3 - 9) + 2).
-105
What is the value of -493 + 499 - (10 + -5 + 0)?
1
What is -22 - ((22 - 7) + 5 - 12)?
-30
What is (0 + -2 + 0 - -5) + -2051 + 2032?
-16
Evaluate (-2 - 6 - 1 - 2) + (0 - 25 - 2).
-38
-23 + ((-1 - -26) + -1 - (843 - 827))
-15
What is the value of -11 - (-20 - 49 - (-3 + -5 - 6))?
44
Calculate 4 + -1 - ((-10 - -2 - (-63 + 43)) + -23).
14
What is the value of -47 + -3 + (3 - (-44 - -33))?
-36
Calculate (-6 + 0 + 42 + -40 - -18) + 0 + -2.
12
What is 0 - (-13 + 0) - (-36 + -129 - -155)?
23
37 + (0 + (11 - 12) - (-6 - -4))
38
What is the value of (-1395 - -1405) + (-5 + -1 - 2) + -1 + -23?
-22
What is the value of -6 + (-10 - -15) + (2 + 8 - 22)?
-13
What is the value of 40 - 45 - ((5 - (1 + (-3 - -6))) + -56)?
50
What is -23 - (20 + (-1 - -6) - 32)?
-16
-30 - (26 + -15 + -15) - -9
-17
What is the value of (-4 - -1) + 8 - 19 - -10 - 23?
-27
What is -20 + (21 - -11) + -6 + -39 + 0?
-33
Evaluate -9 - (3 - 0 - (-1 - (-19 - 51))).
57
92 + 17 + -76 + -26
7
Calculate 70 + (-18 - (-48 + (-43 - -51))).
92
What is 19 + (-1 - (-6 + -2 + 9)) + 8?
25
Evaluate (176 - 212) + (-1 - -16) - -74.
53
-56 - (0 - -1) - (306 - 319)
-44
(21 - (-19 + 12)) + -5 - -18
41
-3 + (1 - 3) + 91 + -39 + 40
87
Calculate 0 + -28 - (75 - (20 - -54)).
-29
-9 - -5 - (-78 + 21 + 18)
35
Evaluate 1 - (1 - (-26 - -14) - -27).
-39
Evaluate 2 + -11 + 1 + (28 - 1).
19
What is the value of -83 - (-127 + 62 + 9)?
-27
-18 + -31 + (-10 - -68)
9
What is 9 - 40 - (31 + -26)?
-36
50 + -5 + -66 + -86
-107
What is the value of (-364 - -291) + (-9 - -18)?
-64
-87 + 99 - (21 - (1 - -2)) - -10
4
Evaluate 16 - (8 + 8 + -13) - 12 - -8.
9
3 + 3 + 8 + -5 + -1093 + 1024
-60
Calculate 11 - ((-45 - 13) + 27 + (-3 - (1 - 5))).
41
Evaluate 5 + (-9 + 20 - 2) + -3.
11
What is -4 - (9 + -24 - -7) - (-9 + 1 - 49)?
61
What is the value of 6 - (11 - (-2 + 2)) - (6 + -12 - 24)?
25
-24 + (-5 - (-16 + 14)) + 2
-25
-10 - 2 - (-1549 - -1539)
-2
Calculate (-11 - -4 - (-1 - 3)) + 47 + -19 + 27.
52
What is the value of 145 + -43 + -33 + -13?
56
What is -7 + -9 - (3 - (-11 + 3))?
-27
What is the value of -1 + (71 - (2 - (9 + -5)))?
72
What is the value of (-44 - 5) + 1 - 6?
-54
What is the value of 2187 + -2300 + 12 + -1 + 25?
-77
Calculate 4 - 11 - ((18 - (10 - 51)) + -17).
-49
What is the value of (32 - (-74 - -132)) + -62?
-88
Evaluate -44 - (-98 + 16) - (-1 + 25).
14
Calculate (-52 - -232) + (1 - (59 - 15)).
137
(43 - (21 + 61)) + 29
-10
Calculate -66 + (-17 - -39) - -81.
37
Calculate -5 - -12 - (1 - -14) - (8 + -5 + 36).
-47
-59 + 32 + 87 + -58
2
Evaluate -15 + (-2 - -6) + (-1 - 2 - (-75 - 1)).
62
Calculate 57 + -35 - ((-17 - 5) + 29).
15
Evaluate -26 + (68 - 23) + -22 - (-30 + (1 - 4)).
30
(-100 - -224) + -244 - -138
18
Evaluate 1314 + -1323 - (2 + 0 + (-39 - -2)).
26
What is the value of 2 + -2 + 9 - (-37 + (13 - (-38 + 43)))?
38
What is the value of (5 - (6 + 17) - 13) + 5 - -12?
-14
(4 - -60) + -16 - -6 - 27
27
What is the value of 10 + -4 + -9 + 8 + 1 + 33?
39
What is the value of 41 - (39 - 47 - (5 - 34) - (12 - 2))?
30
Calculate (13 - -4) + -12 - (-31 - -5).
31
What is (7 - 3 - 5) + (-1931 - -2020)?
88
What is the value of (-156 - -45) + 47 + -1 + -4?
-69
Evaluate -52 + -11 + 31 - -3.
-29
Calculate 28 + 56 + -88 + 38.
34
What is -16 + 22 + (-11 - (-3 - -16))?
-18
What is the value of (20 - -7) + -28 + (2 - (-8 - 34))?
43
(58 - (-37 - -15 - -10 - -26)) + -18
26
(65 + -30 - 98) + 0 + 23
-40
What is the value of 2 + -12 - (-50 + 25) - 9?
6
Calculate (-217 - -298) + -63 + -4.
14
Calculate 6 + -24 - -90 - (2 + 38).
32
What is 87 + -66 - (13 + 33)?
-25
Evaluate 28 + 47 + (12 - 70).
17
2 - -4 - (-12 + 25 - (45 - 32)) - 64
-58
-1 + -4 + (18 - 9 - -6) + -3
7
What is the value of -26 + 1 + -2 + -7702 + 7731?
2
(23 - (-11 - -48)) + 2 + 2 + -14 + -1
-25
Evaluate -39 + 100 - 72 - 4.
-15
Evaluate (9 - 3) + 1 + (-24 - (12 - -20 - 16)).
-33
What is -6 + (-8 + 1 - (377 - 373) - (-110 - 